uppose 0 = 3*n - 2*w - 13, 2 + 0 = 4*n + 5*w. Suppose -5*v + n = 5*s - 7, 0 = -2*s + 5*v + 25. What is the units digit of s?
5
Let b(k) = -k**3 + 12*k**2 - 12*k + 16. Let o(w) = -2*w - 5. Let f be o(-8). Let y be b(f). Suppose y*l + 2 = 67. What is the units digit of l?
3
What is the tens digit of (17 - 13)*(-33)/(-6)?
2
What is the hundreds digit of (-7)/28 + 2 + 818/8?
1
Let b(t) = -5*t - 27. Let i be b(-7). Let x(p) = p**2 - 2*p + 1. Let q be x(2). Suppose -j = -i + q. What is the units digit of j?
7
Suppose 5*p + 297 = 1622. What is the units digit of p?
5
Suppose 0 = -2*r + 2*a + 38, 0 = -2*r + 3*a + a + 36. What is the units digit of r?
0
Let j be (-1 - -1) + (-4)/(-2). Suppose 0*l = -3*c + j*l + 113, 0 = -4*c - 5*l + 120. Suppose 2*t + s - c = 6*s, -10 = 3*t + 5*s. What is the units digit of t?
5
Suppose y = -5*d + 18, 6 = -3*y - 0*y. Suppose 4*q = -8 - d. What is the units digit of (-3)/q - -2 - -7?
0
Let o be (-12)/8 - 250/(-4). Let m = 91 - o. What is the tens digit of m?
3
Let a = -5 + 29. What is the units digit of a?
4
Let p(q) = 2*q - 1. Let l(s) = 3*s - 2. Let z(n) = 3*l(n) - 5*p(n). Let v(k) = k**2 + 2*k + 2. Let c(d) = v(d) + 6*z(d). What is the units digit of c(6)?
8
Let j(i) = 3*i**2 + 6*i + 2. What is the tens digit of j(-8)?
4
What is the units digit of (4/(-2))/(-2) + 64?
5
Suppose 0 = s + 4*s - 135. What is the tens digit of s?
2
Let b = 23 - -83. What is the hundreds digit of b?
1
What is the units digit of (-319)/58*(-39 + 1)?
9
Suppose 3*k - 4 = 4*x - 0, 16 = 2*k + 4*x. Let d(b) = 2*b**2 - 5*b + 1. What is the tens digit of d(k)?
1
Let v(l) = l**3 + 7*l**2 + 2. Suppose 0*o = -3*o + 9. Let n be 21/(o/1)*-1. What is the units digit of v(n)?
2
Let g be 1/(-4) - (-78)/24. Let b = -2 + g. What is the units digit of (-2 + b)*9/(-3)?
3
Suppose -4*a = -0*a + 16. Let k = -2 - a. Suppose 0 = q - o - 10, -k*q + 5*o + 23 = 2*o. What is the units digit of q?
7
Let f be 4 - (8 + -4) - -3. Suppose -f*z + 3 = -0*z. What is the units digit of z?
1
Let p(f) = 10*f**2 + f + 1. Let g be p(-1). Let v = 24 - g. What is the units digit of v?
4
Suppose -12 = 4*y + 20. Let x = y - -13. Let t(b) = -b**2 + 6*b - 1. What is the units digit of t(x)?
4
Let y(r) = 14*r + 8. Let k be y(-4). Let t = 72 + k. What is the tens digit of t?
2
Let j(g) = g**2 - 5*g - 1. Let u(b) = 7*b. Let o be u(1). Let c = -1 + o. What is the units digit of j(c)?
5
Let q = 4 - 6. Let f be (-6)/(-5)*(-10)/q. Let v = f - 2. What is the units digit of v?
4
Let l = 3 + -2. Let w(b) = -b**3 + 2*b**2 + b - 1. What is the units digit of w(l)?
1
Let k(q) = q**2 + q - 2. Let j be k(-3). Let v be 6/j*8/3. Suppose -2*r + 40 = 4*o, v*r + o = 5*r - 14. What is the units digit of r?
6
Let d(g) = g**2 + 4. What is the tens digit of d(-7)?
5
Let t(k) = -k**2 + 11*k - 12. Let c(m) = m**3 + m**2 + 10. Let p be c(0). Let a be t(p). Let d = 11 + a. What is the units digit of d?
9
What is the tens digit of (-2 + 0)*-21 - 0?
4
Let n be -2 - (-3)/(9/(-6)). Let h = n - -9. Suppose -1 = -h*b + 14. What is the units digit of b?
3
Suppose 5*s = s + 4. What is the tens digit of 10 - (s + (-2 - -1))?
1
Let x(b) = b**2 - b + 5. Let s be (3 - 0)/(-3) - -6. What is the units digit of x(s)?
5
Suppose 16 = -j - 4*s + 2*s, 0 = -3*j + 3*s - 3. Let k = 26 - j. What is the tens digit of k?
3
Let y(t) be the first derivative of -t**5/20 + t**4/2 - 2*t**3/3 - t**2 - t - 1. Let c(b) be the first derivative of y(b). What is the units digit of c(5)?
3
Let k(l) = l + 10. What is the tens digit of k(20)?
3
Let q(c) = c**3 - 3*c**2 + c - 3. Let n be q(3). Let f = n - 25. Let p = 36 + f. What is the tens digit of p?
1
Let v(t) = 0*t + 0*t**2 + 3*t**2 + t**3 - 2*t. What is the units digit of v(-3)?
6
Suppose 6*p - 1 - 41 = 0. What is the units digit of p?
7
Let p be (2 - -9) + 1 + -2. Suppose p*o - 25 = 5*o. Suppose 2*r = o*z + r - 79, 3*z - 43 = 5*r. What is the tens digit of z?
1
Let r be (-4)/1 + (8 - 2). Suppose -r*l - 2*l = -88. What is the units digit of l?
2
Suppose 2*s - 5*j = 0, 4*s - 6*j + j = 0. Suppose s = -3*c + 14 - 38. What is the units digit of 28/6*(-12)/c?
7
Let z(x) = x**2 + 7*x + 4. Let i be z(-7). Let f be (-2 + 27)*i/10. Suppose 4*q - 3*q = f. What is the tens digit of q?
1
Suppose -2*a - 24 = -2*y, 2*y + 3*a = -2*a + 17. Let s = y - 5. What is the units digit of s?
6
Suppose 5*o - 4*x = 65, 3*x = 3*o - 8*o + 100. Suppose o = 3*f - 13. What is the units digit of f?
0
Let g(s) = s**3 - 8*s**2 - 4*s + 8. What is the units digit of g(9)?
3
Suppose -4*g = -22 + 2. Suppose 65 = g*a - o, -4*o + 39 = -a + 4*a. What is the tens digit of a?
1
Suppose -n + 24 = n. Let q be 27/n + (-2)/8. Suppose h = -q*h + 30. What is the tens digit of h?
1
Let b = -50 - -103. What is the tens digit of b?
5
Let l(r) be the second derivative of r**3/6 + 9*r**2/2 - r. Suppose -8*h = 22 - 78. What is the tens digit of l(h)?
1
Suppose 63 = 2*n - r, -n + 129 = 3*n - 5*r. What is the tens digit of n?
3
Suppose 3*h + 2*h = 170. What is the units digit of h?
4
Suppose 3*j - l - 420 = -2*j, l + 254 = 3*j. Let f = j + -35. What is the units digit of f?
8
Let g(h) = -h + 2. Let u be g(0). Suppose 0*n = u*n. Suppose 3*a - 9 - 15 = n. What is the units digit of a?
8
Let r(u) be the third derivative of -u**5/12 - 2*u**2. Let i be r(2). What is the units digit of (-6)/(-8) + i/(-16)?
2
Suppose -5*d + 5*s = s - 195, 0 = 3*s. Let j = d + -9. Suppose p = 5*c + j, 2*c + 12 = 5*p - 23. What is the units digit of p?
5
Let s(c) = 12*c**2 - 4*c - 3. Let t be s(4). Suppose 3*y - 3*g = 168, 4*y - t = y + 4*g. What is the tens digit of y?
5
Let m(g) = 0*g**2 + 2*g**2 + 6*g**3 + g - 4*g**2. What is the units digit of m(1)?
5
Let n(l) be the first derivative of 4*l**3/3 - 3*l**2/2 + 3*l + 1. Let f be n(2). Suppose -22 = -5*y + f. What is the units digit of y?
7
Suppose -5*u = d - 6 - 5, -4*d = -2*u. Let q(j) = j**2 - 2*j + 5. Let l be q(0). Suppose -u*b = -3*b + l. What is the units digit of b?
5
Let o = 67 + -27. Suppose -8*w + 3*w + 2*f + 62 = 0, -3*w + 4*f + o = 0. What is the tens digit of w?
1
Let w(o) = -2*o**2 - 2*o + 3. Let b(n) = n. Let h(g) = -6*b(g) - w(g). What is the units digit of h(-3)?
7
Suppose -t = -0*t - 1. Let o = 0 - t. What is the units digit of (-1 + o - -3) + 4?
5
Suppose 5*l + 15 + 30 = 0. Let t = 9 + l. Suppose -3*f - 3 = t, -5*p = -0*p + 3*f - 47. What is the tens digit of p?
1
Let g be 8/(-2)*2/(-2). Suppose -2*y = -3*p - 2, 4*p - 3*y + g*y - 12 = 0. What is the units digit of (p/(6/(-21)))/(-1)?
7
Let t(o) = 2*o**3 - o**2 - 2*o. Let u(x) = x**3 - x. Let h(a) = -4*t(a) + 7*u(a). What is the units digit of h(3)?
2
Let h be 3*-6*(-1)/2. Let n = 8 - h. What is the units digit of (6/3 - 0) + n?
1
Let o(j) = 3*j - 9. What is the tens digit of o(15)?
3
Let j = 62 + 101. What is the hundreds digit of j?
1
Let f = -1 + 9. What is the units digit of f?
8
Let g = -17 - -14. What is the units digit of (-31 + g)*(-3)/6?
7
Suppose 2*a - 4*r = 38, -3*a + 4*a = r + 20. What is the tens digit of 10/(a/(-9) + 3)?
1
Let j(s) = 2*s - 1. Let y be j(2). Suppose -5*m + 22 = 2. Let c = m - y. What is the units digit of c?
1
Let o(g) = 28*g**3 + 2*g**2 + g + 3. What is the hundreds digit of o(2)?
2
Let r(s) be the third derivative of -s**6/120 + s**5/15 + s**4/8 - s**3/3 + s**2. Let h be r(4). What is the units digit of 8/(-12) + h/6?
1
Let p = 0 - 2. What is the tens digit of (-138)/(-4) + p/4?
3
Let q = 2 + 8. Suppose 20 = -9*s + q*s. What is the tens digit of s?
2
Suppose 5*q + 0*q + 25 = 0. Let c(t) be the second derivative of t**4/12 + t**3/2 - 2*t**2 - t. What is the units digit of c(q)?
6
Let m(u) = -u + 19. What is the units digit of m(10)?
9
Let j = -5 - -5. Suppose 4*u + 20 = 2*v, 3*v + u + 2 + 3 = j. Suppose g + 2*z - 11 = 0, g - 4*z + v = -1. What is the units digit of g?
7
Suppose 0 = -3*z + 4*z - 4*s + 22, -z - s = 2. Let u(j) = j**2 + 7*j + 6. Let w be u(z). Suppose w = -4*b - b + 15. What is the units digit of b?
3
Suppose 3*a = 18 - 6. What is the units digit of 2/(-4) + 6/a?
1
Suppose -2*z = i - 140 - 92, -i = -3*z + 353. What is the units digit of z?
7
Let c be 1 - -1 - (-1 - -1). Let o(z) = z**2 + z + 2. What is the units digit of o(c)?
8
Let q(h) = h**3 - 2*h**2 - 5*h. What is the tens digit of q(4)?
1
Let c = -46 - -137